et y(p) = -1094*p**2 - 432*p + 431. Give y(1).
-1095
Let z(m) = -2*m**3 - 94*m**2 + 182*m - 120. Give z(-49).
566
Let b(a) = 3172*a - 99944. Calculate b(33).
4732
Let s(t) = -4*t**2 + 481*t - 2422. What is s(115)?
-7
Let o(c) = 2*c**3 - 136*c**2 + 1998*c - 1128. Determine o(47).
0
Let w(l) = 5*l**2 + 11832*l + 11827. Give w(-1).
0
Let n(o) = -7*o**2 + 64157*o - 3. Determine n(0).
-3
Let t(o) = 33*o - 13257. What is t(400)?
-57
Let x(h) = 2*h**2 - 129*h + 1484. Give x(13).
145
Let g(p) = 18*p**3 - 1024*p**2 - 138*p + 1358. Calculate g(57).
-10
Let p(a) = 1027*a**2 + 250*a - 522. Calculate p(2).
4086
Let p(a) = 2*a**3 - a**2 - 103*a + 131. What is p(-13)?
-3093
Let d(l) = 102*l**2 - 22020*l - 2592. What is d(216)?
0
Let g(t) = -372*t**3 - t**2 - 745*t + 1486. Determine g(2).
-2984
Let g(l) = l**3 + 335*l**2 - 105*l - 34297. Give g(-335).
878
Let y(m) = 30227*m + 4322464. What is y(-143)?
3
Let i(j) = -882890*j - 4414455. Determine i(-5).
-5
Let a(f) = -2740*f - 57540. Determine a(-21).
0
Let c(h) = h**3 - 410*h**2 - 81172*h + 143. Calculate c(-146).
-441
Let h(z) = z**3 - 136*z**2 - 1147*z - 645. Give h(144).
75
Let r(d) = 2105*d + 637819. Determine r(-303).
4
Let h(d) = -6*d**2 - 1119*d - 11691. What is h(-11)?
-108
Let r(w) = 5102*w - 168578. Determine r(33).
-212
Let v(w) = -398*w - 54031. What is v(-136)?
97
Let w(y) = -y**3 - 235*y**2 + 9155*y - 76. Calculate w(34).
230
Let n(i) = -3*i**2 + 105*i + 30. Calculate n(38).
-312
Let p(f) = -14*f**2 + 1231*f + 28597. Calculate p(-19).
154
Let p(u) = 31*u**2 + 4251*u - 260232. Determine p(-183).
-6
Let o(j) = j**2 + 2271*j - 13621. Calculate o(6).
41
Let k(t) = 668*t - 24038. Give k(36).
10
Let g(d) = -253*d - 224. Determine g(-5).
1041
Let g(p) = -7*p**3 - 7*p**2 - 3*p - 481. Determine g(0).
-481
Let w(j) = -38*j**2 - 10358*j + 4410. What is w(-273)?
42
Let j(k) = k**3 + 5*k + 601. What is j(-12)?
-1187
Let a(j) = 271*j + 7856. Determine a(-27).
539
Let o(l) = -5*l**3 + 546*l**2 + 421*l + 271. Give o(110).
-1819
Let h(g) = 2*g**3 + 3448*g**2 + 20615*g + 12. Determine h(-6).
18
Let x(n) = 183522*n + 734092. Determine x(-4).
4
Let g(w) = 1027*w**2 + 5135*w + 35. Calculate g(-5).
35
Let v(z) = -2516*z - 10989. Determine v(-4).
-925
Let g(j) = -2057*j - 49438. What is g(-24)?
-70
Let g(h) = -8*h**2 - 271*h - 2089. What is g(-16)?
199
Let w(k) = 2805*k**2 + 36473*k + 101. Give w(-13).
-3
Let m(t) = -77*t + 681. What is m(-37)?
3530
Let i(m) = m**3 + 10*m**2 + 32*m - 23. Determine i(-7).
-100
Let j(p) = p**3 + 62*p**2 - 2599*p - 1155. Determine j(29).
5
Let d(j) = -3*j**2 - 52*j - 300. What is d(-11)?
-91
Let o(z) = -z**2 + 43*z + 7698. What is o(-69)?
-30
Let g(a) = 4*a**3 - 94*a**2 + 147*a - 294. Calculate g(22).
36
Let l(p) = 7*p**2 + 322*p + 2878. Give l(-10).
358
Let o(c) = 206*c**2 - 2479*c + 85. What is o(12)?
1
Let t(x) = -x**3 + 53*x**2 - 874*x + 4585. Calculate t(14).
-7
Let o(h) = 662*h + 12569. Determine o(-19).
-9
Let a(n) = 3*n**2 - 165*n + 141. What is a(54)?
-21
Let a(j) = 278*j**2 - 9114*j - 1992. What is a(33)?
-12
Let j(a) = 4*a**3 - 276*a**2 - 1480*a - 12. Calculate j(-5).
-12
Let l(n) = 27*n**2 - 3332*n + 151. Determine l(124).
2135
Let n(v) = 30*v**2 + 134*v - 69649. Determine n(46).
-5
Let d(s) = 15*s**3 + 6*s**2 + s - 9. What is d(-3)?
-363
Let m(q) = -60*q + 5480. Determine m(79).
740
Let k(t) = 1574*t + 92864. What is k(-59)?
-2
Let x(h) = -23988*h + 191843. What is x(8)?
-61
Let q(r) = 46779*r - 327417. What is q(7)?
36
Let l(k) = -30714*k - 430002. Give l(-14).
-6
Let z(s) = -386*s + 16320. Calculate z(42).
108
Let n(k) = 541*k + 6466. Determine n(-12).
-26
Let r(k) = -56*k**2 + 1727*k - 295. What is r(31)?
-574
Let x(c) = 38687*c - 6847597. Calculate x(177).
2
Let s(v) = -409*v**2 - 2959*v - 20. Determine s(-7).
652
Let k(g) = 92403*g - 369614. Calculate k(4).
-2
Let g(i) = 19*i**3 - 38*i**2 - 12*i + 16. Determine g(4).
576
Let t(w) = -w**3 - 127*w**2 - 5582*w - 730875. Give t(-128).
5
Let v(p) = -2*p**3 + 128*p**2 - 1802*p + 47. Give v(43).
219
Let k(l) = 185*l + 17139. Determine k(-94).
-251
Let j(o) = 4*o**3 + 435*o**2 - 998*o + 63. What is j(-111)?
-48
Let x(n) = n**3 - 19*n**2 + 38*n - 136. What is x(19)?
586
Let q(l) = 6882*l - 61894. Determine q(9).
44
Let o(y) = -116*y**2 - 1103*y + 1105. Determine o(1).
-114
Let x(s) = -44*s + 1562. Calculate x(2).
1474
Let k(s) = -3*s**3 + 5*s**2 + 3751*s - 7503. Determine k(2).
-5
Let c(o) = -o**3 - 277*o**2 - 1373*o - 1121. Give c(-272).
2415
Let q(p) = -608500*p + 1825507. Give q(3).
7
Let p(x) = -12*x**3 - 67*x**2 + 77*x + 211. Calculate p(-5).
-349
Let u(i) = -2*i**3 - 376*i**2 - 744*i + 8. Determine u(-186).
8
Let b(i) = 4933*i - 24323. Calculate b(5).
342
Let b(u) = u**3 - 18*u**2 - 129*u - 91. Give b(-6).
-181
Let a(r) = r**3 - 258*r**2 + 10998*r + 932. Calculate a(54).
-40
Let f(p) = 39172*p + 235010. Give f(-6).
-22
Let c(h) = 235*h + 4499. What is c(-20)?
-201
Let p(i) = -7*i**2 + 2276*i + 55590. Calculate p(348).
-90
Let i(z) = -5*z**2 - 3074*z + 21775. Calculate i(7).
12
Let n(s) = 13735*s - 576819. Give n(42).
51
Let d(a) = 224*a - 1113. What is d(10)?
1127
Let y(b) = -190*b + 13753. Calculate y(73).
-117
Let k(l) = 1252*l - 30103. What is k(24)?
-55
Let p(z) = -z**2 - 303*z + 3677. Calculate p(12).
-103
Let t(g) = -435*g + 25649. Determine t(59).
-16
Let v(z) = -16*z**2 + 77*z + 589. What is v(-7)?
-734
Let a(d) = d**3 - 204*d**2 + 2087*d + 6952. Determine a(193).
4
Let t(z) = -z**3 + 170*z + 537. Determine t(-4).
-79
Let r(y) = -y**2 - 452*y - 36967. Determine r(-345).
-52
Let l(a) = 7*a**2 - 217*a - 4414. Determine l(-14).
-4
Let y(b) = -b**2 + 92036*b - 4323422. Give y(47).
61
Let i(n) = -5*n**2 - 109*n + 444. Give i(4).
-72
Let y(z) = -486*z - 34259. Give y(-70).
-239
Let s(z) = z**3 + 11*z**2 - 435*z + 1909. Give s(12).
1
Let p(r) = 9720*r - 9698. What is p(1)?
22
Let b(o) = -4*o**2 - 1665*o + 30525. Give b(18).
-741
Let d(o) = -o**3 - 35*o**2 + 151*o + 999. Determine d(7).
-2
Let t(s) = -s**2 + 362*s - 2598. Give t(7).
-113
Let t(k) = -65*k**3 - 1890*k**2 - 165*k - 587. Give t(-29).
-7
Let h(m) = m**3 + 63*m**2 - 738*m - 12131. Determine h(-71).
-61
Let j(p) = 210704*p + 165613338. Give j(-786).
-6
Let l(r) = 13371*r + 240678. Give l(-18).
0
Let x(d) = d**3 + 233*d**2 + 1791*d - 78. Determine x(-8).
-6
Let n(z) = -201*z + 19980. What is n(103)?
-723
Let f(i) = 4*i**2 + 413*i + 10287. Calculate f(-62).
57
Let p(t) = t**3 + 24*t**2 - 133*t - 65. Give p(8).
919
Let f(g) = -225*g**2 - 5839*g + 310. What is f(-26)?
24
Let s(u) = -1437*u - 136501. Give s(-95).
14
Let u(w) = -12*w**3 + 284*w**2 - 213*w + 107. Give u(23).
-560
Let x(c) = -4*c**3 + 36*c**2 - 375*c + 3376. Give x(9).
1
Let q(l) = -147410*l + 147437. What is q(1)?
27
Let a(v) = -41*v**3 + 2*v**2 - 416*v - 417. Calculate a(-1).
42
Let a(i) = 2*i**2 + 322*i - 12345. Give a(-193).
7
Let r(a) = -5*a**3 - 260*a**2 - 21*a - 1824. Determine r(-52).
-732
Let f(g) = -185*g - 10003. What is f(-51)?
-568
Let n(u) = 13871*u + 3273559. Determine n(-236).
3
Let m(j) = -136135*j - 2994951. What is m(-22)?
19
Let u(a) = -2*a**3 + a**2 - 33*a - 535. Calculate u(0).
-535
Let m(c) = -c**2 - 55*c + 59. Give m(-71).
-1077
Let j(f) = 41*f**2 - 437*f + 2201. Give j(5).
1041
Let h(g) = 31705*g + 1077991. Give h(-34).
21
Let v(g) = -g**2 - 192*g + 15174. What is v(50)?
3074
Let d(a) = -11*a + 1230. Calculate d(31).
889
Let j(v) = -14187*v - 14170. What is j(-1)?
17
Let b(t) = 18*t**2 - 49*t - 39142. Determine b(48).
-22
Let q(z) = -2*z**3 + 8548*z**2 + z - 1. Determine q(0).
-1
Let z(n) = 807*n - 6607. Calculate z(9).
656
Let x(m) = 3*m**3 - 22*m**2 - 61*m + 894. Determine x(10).
1084
Let z(l) = -324*l + 2661. Calculate z(10).
-579
Let c(r) = 2*r**3 - 164*r**2 - 44*r + 3631. Determine c(82).
23
Let c(z) = -2*z**2 + 497*z + 124872. Calculate c(-155).
-213
Let l(d) = -8*d**3 - 101*d**2 + 68*d + 41. Calculate l(-13).
-336
Let z(h) = -h**2 + 25528*h + 204289. Determine z(-8).
1
Let q(v) = v**3 + 32*v**2 + 2*v - 26. Give q(-33).
-1181
Let k(u) = 26955*u + 8679518. What is k(-322)?
8
Let v(h) = 1154*h + 13185. Give v(-13).
-1817
Let g(n) = -13749*n + 178731. Give g(13).
-6
Let z(w) = -35*w**2 + 976*w + 8665. Calculate z(-9).
-2954
Let z(u) = -64103*u + 128327. Calculate z(2).
121